 factor of 526?
False
Does 19 divide 2483?
False
Is 582 a multiple of 3?
True
Is 35404 a multiple of 53?
True
Is 6 a factor of 2532?
True
Is 301 a factor of 602?
True
Does 3 divide 9593?
False
Does 24 divide 39336?
True
Is 3 a factor of 6762?
True
Does 12 divide 1766?
False
Does 6 divide 498?
True
Is 3 a factor of 237?
True
Does 14 divide 2644?
False
Is 11 a factor of 885?
False
Does 45 divide 379?
False
Is 5940 a multiple of 9?
True
Does 57 divide 2679?
True
Is 53 a factor of 424?
True
Is 3662 a multiple of 68?
False
Does 7 divide 3528?
True
Is 8838 a multiple of 20?
False
Is 51 a factor of 255?
True
Does 58 divide 33325?
False
Is 32 a factor of 3168?
True
Does 4 divide 1835?
False
Is 629 a multiple of 40?
False
Is 1045 a multiple of 95?
True
Is 2304 a multiple of 23?
False
Is 10490 a multiple of 11?
False
Is 24778 a multiple of 4?
False
Is 4 a factor of 1112?
True
Does 64 divide 16942?
False
Is 34 a factor of 170?
True
Does 56 divide 6832?
True
Is 56170 a multiple of 41?
True
Is 428 a multiple of 43?
False
Is 480 a multiple of 15?
True
Does 59 divide 28964?
False
Is 50 a factor of 24750?
True
Is 1180 a multiple of 147?
False
Is 468 a multiple of 26?
True
Is 3868 a multiple of 10?
False
Is 3 even?
False
Does 5 divide 313?
False
Is 9 a factor of 263?
False
Does 6 divide 4476?
True
Does 4 divide 1559?
False
Is 850 a multiple of 5?
True
Is 2 a factor of 99?
False
Is 22 a factor of 1458?
False
Is 190 a multiple of 4?
False
Is 13 a factor of 5096?
True
Is 1845 a multiple of 16?
False
Does 12 divide 1788?
True
Does 6 divide 6427?
False
Does 61 divide 1090?
False
Is 18 a factor of 306?
True
Is 528 a multiple of 33?
True
Is 37 a factor of 4278?
False
Is 23 a factor of 6118?
True
Does 4 divide 1118?
False
Does 30 divide 1310?
False
Is 20 a factor of 40?
True
Does 27 divide 121041?
True
Is 14 a factor of 70?
True
Is 153 a multiple of 39?
False
Is 340 a multiple of 5?
True
Is 30999 a multiple of 183?
False
Is 11705 a multiple of 17?
False
Is 10 a factor of 220?
True
Is 125 a factor of 3725?
False
Does 405 divide 50625?
True
Does 183 divide 27162?
False
Is 3363 a multiple of 57?
True
Is 2499 a multiple of 21?
True
Is 1362 a multiple of 38?
False
Is 1755 a multiple of 13?
True
Is 1068 a multiple of 46?
False
Is 45 a factor of 4836?
False
Is 536 a multiple of 50?
False
Is 1504 a multiple of 47?
True
Is 18546 a multiple of 22?
True
Does 84 divide 2879?
False
Is 25 a factor of 7150?
True
Does 27 divide 14371?
False
Does 10 divide 4970?
True
Does 7 divide 307?
False
Is 11 a factor of 13658?
False
Is 5 a factor of 225?
True
Is 3 a factor of 1376?
False
Is 3601 a multiple of 125?
False
Is 223 a factor of 59541?
True
Is 600 a multiple of 114?
False
Is 3 a factor of 3444?
True
Is 36 a factor of 34956?
True
Is 7 a factor of 1061?
False
Does 75 divide 32539?
False
Does 8 divide 2792?
True
Is 106 a factor of 203?
False
Is 4393 a multiple of 21?
False
Is 14 a factor of 303?
False
Is 110 a multiple of 10?
True
Does 26 divide 1141?
False
Is 94 a factor of 16638?
True
Does 23 divide 3901?
False
Does 8 divide 3928?
True
Is 126 a factor of 728?
False
Does 218 divide 40330?
True
Is 1602 a multiple of 20?
False
Does 4 divide 315?
False
Is 664 a multiple of 15?
False
Is 2793 a multiple of 49?
True
Is 23256 a multiple of 76?
True
Is 11365 a multiple of 35?
False
Does 35 divide 9457?
False
Does 16 divide 313?
False
Is 15 a factor of 1539?
False
Is 3113 a multiple of 37?
False
Does 28 divide 672?
True
Is 12 a factor of 143677?
False
Is 19 a factor of 31399?
False
Is 981 a multiple of 29?
False
Is 21339 a multiple of 10?
False
Is 4 a factor of 53?
False
Does 38 divide 688?
False
Is 157 a factor of 55715?
False
Is 1131 a multiple of 87?
True
Is 74 a factor of 2111?
False
Does 40 divide 71240?
True
Is 7245 a multiple of 69?
True
Is 46 a factor of 430?
False
Is 558 a multiple of 34?
False
Does 11 divide 1407?
False
Is 899 a multiple of 34?
False
Is 660 a multiple of 5?
True
Is 12 a factor of 1068?
True
Is 29 a factor of 676?
False
Is 16 a factor of 4248?
False
Is 9144 a multiple of 84?
False
Does 14 divide 6160?
True
Is 43684 a multiple of 326?
True
Does 69 divide 28265?
False
Is 4 a factor of 34244?
True
Is 14976 a multiple of 64?
True
Does 22 divide 4730?
True
Does 11 divide 49804?
False
Is 7 a factor of 10?
False
Is 369 a multiple of 3?
True
Is 12 a factor of 600?
True
Is 3336 a multiple of 59?
False
Is 28 a factor of 532?
True
Is 41 a factor of 7484?
False
Is 27 a factor of 8127?
True
Is 39 a factor of 4965?
False
Does 34 divide 1462?
True
Does 17 divide 2975?
True
Is 3 a factor of 3702?
True
Is 12 a factor of 110?
False
Does 9 divide 126?
True
Does 12 divide 5460?
True
Is 2832 a multiple of 9?
False
Does 15 divide 15?
True
Is 99 a factor of 10660?
False
Does 14 divide 571?
False
Does 53 divide 6506?
False
Is 43 a factor of 5934?
True
Does 14 divide 8988?
True
Does 77 divide 2168?
False
Is 136 a multiple of 25?
False
Does 96 divide 31475?
False
Is 2274 a multiple of 36?
False
Is 42518 a multiple of 16?
False
Does 63 divide 4509?
False
Is 13 a factor of 22568?
True
Does 16 divide 4111?
False
Is 109 a factor of 66170?
False
Is 17575 a multiple of 25?
True
Is 105560 a multiple of 130?
True
Is 9 a factor of 945?
True
Is 202 a multiple of 7?
False
Is 390 a multiple of 27?
False
Is 8 a factor of 5792?
True
Is 48 a factor of 474?
False
Is 858 a multiple of 66?
True
Is 22 a factor of 44?
True
Is 3 a factor of 449?
False
Is 46 a factor of 1656?
True
Is 948 a multiple of 6?
True
Is 940 a multiple of 47?
True
Does 99 divide 24255?
True
Is 13277 a multiple of 120?
False
Is 62 a factor of 26307?
False
Is 78 a factor of 1482?
True
Is 320 a multiple of 20?
True
Does 16 divide 12816?
True
Does 18 divide 745?
False
Does 41 divide 10619?
True
Is 3 a factor of 1484?
False
Is 75 a multiple of 5?
True
Does 9 divide 1746?
True
Is 140 a multiple of 28?
True
Is 3629 a multiple of 21?
False
Is 187 a factor of 23188?
True
Is 10472 a multiple of 14?
True
Is 18 a factor of 2368?
False
Is 57 a factor of 3990?
True
Does 13 divide 845?
True
Is 8 a multiple of 4?
True
Is 6768 a multiple of 13?
False
Does 20 divide 4900?
True
Is 11 a factor of 946?
True
Is 5222 a multiple of 10?
False
Does 19 divide 380?
True
Is 12 a factor of 3132?
True
Is 6456 a multiple of 31?
False
Is 1853 a multiple of 5?
False
Does 9 divide 92?
False
Does 131 divide 14672?
True
Does 10 divide 2342?
False
Does 19 divide 24205?
False
Is 504 a multiple of 21?
True
Is 4180 a multiple of 55?
True
Does 4 divide 148?
True
Is 152154 a multiple of 12?
False
Does 22 divide 814?
True
Is 5 a factor of 1555?
True
Is 8 a factor of 1083?
False
Does 43 divide 1059?
False
Is 14674 a multiple of 253?
True
Is 3 a factor of 191?
False
Is 114 a factor of 10716?
True
Is 1377 a multiple of 27?
True
Does 6 divide 936?
True
Is 1485 a multiple of 15?
True
Is 876 a multiple of 73?
True
Is 11 a factor of 33451?
True
Is 1562 a multiple of 33?
False
Is 17 a factor of 2780?
False
Does 34 divide 744?
False
Does 6 divide 393?
False
Does 36 divide 1998?
False
Is 3 a factor of 1495?
False
Is 94 a factor of 3854?
True
Does 40 divide 930?
False
Does 11 divide 3437?
False
Is 27032 a multiple of 31?
True
Is 39 a factor of 7491?
False
Does 2 divide 8?
True
Is 1021 a multiple of 18?
False
Is 308 a multiple of 11?
True
Does 26 divide 180?
False
Does 4 divide 1043?
False
Does 22 divide 4688?
False
Does 16 divide 35216?
True
Is 114 a factor of 8996?
False
Is 33 a factor of 17776?
False
Does 4 divide 348?
True
Is 3163 a multiple of 51?
False
Is 284 a factor of 76242?
False
Does 193 divide 70252?
True
Is 2418 a multiple of 62?
True
Is 18922 a multiple of 19?
False
Is 10363 a multiple of 241?
True
Is 36 a factor of 1728?
True
Is 11 a factor of 264?
True
Is 125 a factor of 375?
True
Is 38655 a multiple of 9?
True
Is 8106 a multiple of 14?
True
Does 7 divide 8815?
False
Is 1485 a multiple of 55?
True
Does 22 divide 13486?
True
Is 29 a factor of 5764?
False
Does 10 divide 30356?
False
Is 81 a factor of 12118?
False
Is 27306 a multiple of 14?
False
Is 4 a factor of 5489?
False
Does 7 divide 306?
False
Is 8 a factor of 128?
True
Is 17 a factor of 884?
True
Is 99 a multiple of 6?
False
Is 278 a factor of 73948?
True
Does 231 divide 9029?
False
Does 14 divide 154?
True
Is 60970 a multi